 - i. Calculate the highest common divisor of j and 14.
7
Suppose i = -3*i + 296. Let g = i - 40. Calculate the greatest common factor of 17 and g.
17
Let k be 1/4 + 189/28. Let y be (-6)/(-21) + (-24)/(-14). Suppose -y*b + 2 = -0. Calculate the highest common divisor of b and k.
1
Let w = 7 + -1. Let v be ((-4)/w)/((-4)/36). Let d = 13 - 10. Calculate the greatest common divisor of v and d.
3
Let p(u) = -u**3 + 23*u**2 + 25*u + 71. Let x be p(24). What is the highest common divisor of x and 38?
19
Let g be (1 - 1)/3 - 1. Let r be (-2 - (g + 134))*1. Let h = 245 + r. Calculate the greatest common divisor of 10 and h.
10
Let z be -8*(5/2 - 3). Suppose 5*f + 0*f = 20. What is the greatest common divisor of z and f?
4
Suppose 5*z = 4*q + 420, 0*z - 4*z = 5*q - 295. What is the highest common divisor of 120 and z?
40
Let h(x) = x**2 - 3*x + 4 + x**2 - 3*x. Suppose j + 4 - 8 = 0. Let t be h(j). What is the greatest common factor of t and 12?
12
Let h = 19 - 13. Suppose -5*g - 174 = -u, 4*g - 56 = h*g + 3*u. Let d = -24 - g. What is the highest common divisor of d and 80?
10
Let p = -7 - -19. Let o be 6/9*5*p. Calculate the greatest common factor of o and 10.
10
Suppose -2*t - 3*t = 5*p - 495, 3*t = 2*p + 277. Let w(g) = 5*g - 31. Let b be w(10). What is the greatest common factor of b and t?
19
Let x = 97 - 80. What is the greatest common divisor of 51 and x?
17
Let d(m) be the first derivative of 4*m**2 - 2. Let b be d(1). Suppose 0 = -3*t - t + 2*x - 4, 5*x - 19 = t. Calculate the greatest common divisor of b and t.
1
Let z be (-1987)/(-9) + (-4)/(-18). Calculate the highest common divisor of z and 17.
17
Let d be 39 - (3 - -3)/(-2). What is the greatest common divisor of 21 and d?
21
Let m(p) = -9*p - 8. Let z be m(-4). What is the greatest common factor of z and 14?
14
Suppose -5*t + 490 = -0*t. Suppose -5*g - 4*i + i + 162 = 0, 3*g - t = -2*i. Calculate the highest common factor of 12 and g.
6
Let b(x) = -x. Let k be b(-6). Suppose 4*t - 18 = 3*t. Calculate the highest common factor of t and k.
6
Suppose y = -3*x - 126, -4*y - 3*x - 536 = x. Let m = -72 - y. What is the highest common factor of 6 and m?
6
Suppose -3*a - 99 = -3*m, -a - 119 = -3*m - 2*a. What is the greatest common divisor of 19 and m?
19
Suppose -16 = -f - 2*f + 4*g, 20 = 2*f - 5*g. Suppose f = -2*c, -5*c = -3*b + 4*b - 54. Calculate the highest common divisor of 6 and b.
6
Suppose -57 = 5*o + 3*f, -f + 3*f - 14 = o. Let q = -5 - o. Suppose -n - 2*p + 1 + q = 0, -3*p = 0. What is the greatest common factor of 2 and n?
2
Let u = -63 + 188. Calculate the highest common factor of u and 50.
25
Suppose 4*c = 5*y - 4, 0*y - 3*y - 2*c = -20. Let j be 53/(-2) - (-2)/y. Let t = j - -38. What is the greatest common divisor of 48 and t?
12
Let f be ((-3)/(-2))/((-1)/(-54)). Let r = -7 - -42. Suppose -2*y = 5*o - r, o - 4*o - 4*y = -7. Calculate the highest common divisor of o and f.
9
Suppose -2*h - 3*h = -r + 65, 0 = -4*r + 2*h + 170. Calculate the greatest common factor of r and 5.
5
Suppose 3*y = -c + 516, 4*c = -0*y - 5*y + 860. Suppose j - 36 = y. What is the highest common factor of 26 and j?
26
Suppose v = -4*i + 5, 4 = -0*v + 3*v + i. Let x be v/4 + (-3448)/(-32). What is the highest common factor of 12 and x?
12
Suppose -5*y + 7 = -4*i - 9, i - 13 = -3*y. Let p = 7 - y. Suppose w + w - 6 = 0, -p*a + 213 = -w. Calculate the greatest common divisor of a and 8.
8
Let z(r) = -r**3 - 5*r**2 - 2*r - 1. Let x be z(-4). Let f = x - -5. Let m = f + 9. Calculate the highest common divisor of m and 15.
5
Let m = 76 - 74. What is the highest common divisor of 2 and m?
2
Let h(f) = f**3 - 22*f**2 + 25*f - 7. Let q be h(21). What is the highest common divisor of q and 11?
11
Let h(o) = -15*o + 13*o + 2 + 49*o. Let x be h(2). What is the greatest common divisor of x and 12?
12
Suppose 5*y + 5*j = 3*j, -6 = 2*y + 2*j. Suppose i = h - 32, 0*h + h = -y*i + 41. Let g = -9 + 16. What is the greatest common divisor of g and h?
7
Let j be (-15)/(-25) - (-51)/15. Calculate the highest common factor of j and 6.
2
Suppose -8 = -7*a + 3*a. Suppose 0 = a*z + 2 - 24. Suppose -2*i + z = -i. Calculate the greatest common divisor of 66 and i.
11
Let u be (-6)/(-4)*(-8)/6. Let t be -3 - ((-6)/u - 14). Suppose 4*v + 2*k - t = 22, -5*v = -2*k - 51. Calculate the highest common factor of 9 and v.
9
Let q(h) be the first derivative of h**4/4 - 4*h**3 + 6*h**2 - 4*h + 3. Let u be q(11). What is the greatest common factor of u and 77?
7
Suppose u = 3*u - 180. Suppose w + 4*f + 3 = 0, 5*w + 3*f + 18 = 3. Let q be (-2)/(-5)*(-75)/w. What is the highest common divisor of u and q?
10
Suppose w + 7 - 31 = 0. Calculate the greatest common divisor of w and 8.
8
Suppose 5*x + 3*w = 259, 0*x - 5*x + 2*w + 244 = 0. Let a = -52 - -72. What is the highest common factor of x and a?
10
Let m be -4*(-6)/1 + -2. Let v = 138 - 136. Calculate the greatest common factor of m and v.
2
Let p be (-4 + -19)*1/(-1). Suppose 0*u - u = -17. Suppose -4*a + p = -u. What is the greatest common factor of a and 60?
10
Let g be (-2 - -1)/((-2)/6). Let u be (-2 + 1)*-8 - g. Suppose -3*q = 5*d - 137, d + 4*d - 109 = 4*q. Calculate the highest common divisor of d and u.
5
Suppose -4*n = -5*v - 89, 0 = 5*n + 3*v - 4*v - 85. Suppose -6*c + 160 = -2*c. What is the greatest common divisor of n and c?
8
Let g(z) = z**2 + z + 19. Let k be g(-6). What is the greatest common divisor of 7 and k?
7
Let a(d) = -d**3 + 9*d**2 + 10*d + 4. Let f be a(8). Suppose b + 173 = 5*v, 4*v + 0*b - f = -4*b. Calculate the greatest common divisor of v and 7.
7
Let y = 18 - -14. Let f(i) be the first derivative of -3*i**2/2 + 4*i + 1. Let n be f(-4). Calculate the highest common divisor of y and n.
16
Let i(g) = -g**2 + 6*g - 2. Let j be i(5). Let v(y) = -4*y**2 + 18*y + 11. Let c be v(5). What is the highest common divisor of j and c?
1
Let l be (8/6)/((-6)/(-9)). Let p = 15 - 2. Let j be 2/l*(p - 3). Calculate the highest common factor of 10 and j.
10
Suppose -n - 3*n = -716. Suppose n = 4*l + 51. Suppose 2*i + 2*i = l. What is the highest common divisor of 4 and i?
4
Let g = 4 - 3. Let t(i) = -i**2 - 16*i - 17. Suppose y + 13 - 2 = -3*v, -y = 5*v + 9. Let q be t(y). What is the highest common divisor of q and g?
1
Let t be 4 - (4/12 + 2/3). What is the greatest common factor of 81 and t?
3
Let q be 3/(-12) + (-46)/8. Let t be q/(-10)*10/2. Suppose -5*h + 34 = -t*h. What is the greatest common divisor of h and 68?
17
Suppose 6*s - 2*s - 8 = 0, -24 = -2*i - s. What is the highest common factor of i and 11?
11
Suppose -2*o + x = -2*x - 45, 4*o + 5*x - 35 = 0. Let c = 1 + 4. Calculate the highest common factor of o and c.
5
Let f be (88/12)/(4*3/18). What is the highest common divisor of f and 22?
11
Let x be (6/(-2))/((-27)/36). Suppose 3 + 13 = x*p. What is the highest common divisor of p and 6?
2
Let x be ((-10)/4)/(1/(-4)). Suppose -p = p - x. Let o be (-96)/(-15) + (-2)/p. Calculate the highest common factor of 3 and o.
3
Let z be 132/28 + 4/14. Suppose 31 = q + z. Calculate the highest common divisor of 39 and q.
13
Suppose -y - 5*n = -2 + 6, 3*n = -4*y + 69. What is the highest common factor of 3 and y?
3
Suppose -6*u + 9*u + 21 = 0. Let v(b) = -b**3 - 5*b**2 + 8*b - 14. Let w be v(u). What is the greatest common divisor of w and 42?
14
Let i = 7 + 38. Calculate the greatest common factor of 135 and i.
45
Suppose 3*t = 8*t - 20, 84 = 4*d - 3*t. Let o be (d/30)/(4/70). Calculate the highest common factor of o and 70.
14
Suppose -3*n - 3*t + 27 = 0, 2*n - 12 = 2*t + 22. What is the highest common divisor of 13 and n?
13
Suppose -2*x + x = 0. Suppose 4*s - 5*t - 550 = x, -3*s = 2*s + 5*t - 710. Calculate the greatest common factor of 14 and s.
14
Let r = 30 + -18. Let m be (50/(-75))/(1/(-54)). What is the highest common divisor of r and m?
12
Let a(p) = -p - 7. Let o be a(-12). Calculate the greatest common divisor of 85 and o.
5
Suppose -5*f + n + 95 = 0, 0*f + 38 = 2*f - 2*n. What is the highest common factor of 133 and f?
19
Let k be -2 + (-16)/(-9) - 11/(-9). Calculate the highest common divisor of k and 29.
1
Let g = 17 - 7. Suppose 0 = 5*d + g, -46 + 8 = -2*s + 3*d. Calculate the greatest common factor of s and 48.
16
Let p be ((-10)/(-4))/((-3)/(-30)). Let b b